ed by y.
19
Let k = -259 + 134. Let c be 412/(-16)*2*2 - 3. Let w = c - k. What is the remainder when 148 is divided by w?
15
Suppose -1091*s + 46*s + 2380 = 145*s. Suppose 4*j + j = 20. Suppose -4*k - 20 = -3*z + 11, -16 = -j*z - k. Calculate the remainder when z is divided by s.
1
Suppose 4*m - m - 15 = 0. Suppose 0 = -3*k - 2*u + 15, 2*k + 2 = -4*u + 4. Calculate the remainder when k is divided by (-2)/(-5) - (0 - 23/m).
2
Let i = 918 + -876. Suppose 4*f = -5*p + 105, -p - i = -3*p - 4*f. Let r = -10 + 19. Calculate the remainder when p is divided by r.
3
Let s(g) = -g**3 + 30*g**2 - 82*g + 44. Suppose 5*o + 69 = 2*u, -2*o = -2 + 8. Calculate the remainder when 406 is divided by s(u).
15
Suppose 30*g = 33*g, -2*y - 3*g + 40 = 0. Let a = 288 + -282. Calculate the remainder when y is divided by a.
2
What is the remainder when 841 is divided by 26/4 + (-75)/15 + 17/2?
1
Suppose -15 = -v + 26. Let z = 131408 + -131286. What is the remainder when z is divided by v?
40
Let i(x) = 3*x - 6. Let p be i(0). Let a(z) = 36*z + 235. What is the remainder when 4*((-81)/(-4) - 2) is divided by a(p)?
16
Let o(l) be the second derivative of -37*l**3/6 - 3*l**2/2 + 4*l. Let b(u) = -6*u + 13. Calculate the remainder when o(-3) is divided by b(-4).
34
Let q = 18 + -19. What is the remainder when 35 is divided by q/(2 + (-235)/115)?
12
Let u = -139 - -162. Suppose 20*v - u*v + 12 = 0. Suppose -5*z + 0*z - 10 = 5*p, 0 = p + 5. What is the remainder when v is divided by z?
1
What is the remainder when 1086 is divided by (-50)/(-30) + 4/18*(-5 - -38)?
6
What is the remainder when 960 is divided by 14 + -10 - (-3 + 2 + 0) - -234?
4
Let q = -102 + 166. Suppose 0 = -4527*t + 4427*t + 2600. What is the remainder when q is divided by t?
12
Suppose -c + 5*c = 4, w + 5*c - 86 = 0. Suppose 0 = -y + 21 + 16. Suppose -28 + 75 = 3*l + 5*v, y = 3*l - 5*v. Calculate the remainder when w is divided by l.
11
Let p = 3165 - 3031. What is the remainder when p is divided by 24?
14
Let k(h) = -h**3 - 21*h**2 - 15*h + 5. Let a be k(-20). Let t = -65 - a. Calculate the remainder when 13 is divided by (-6)/t + 5 + 2/10.
3
Let r(l) be the second derivative of l**3/6 + 76*l**2 + 4*l + 1. What is the remainder when r(-24) is divided by 26?
24
Let p(x) = x**2 - 7*x - 7. Let t(w) = w**2 - 3*w - 26. Let l be t(7). Let q(v) = 17*v**2 - 7*v + 9. What is the remainder when q(l) is divided by p(9)?
8
Suppose -52*c = -5*l - 51*c + 703, 5*c = -4*l + 574. What is the remainder when 20867 is divided by l?
140
Let h be (4 - 0)*(-3)/(-6). Let v = 123 - 119. Suppose -h*i = -5*r + 3*r + 126, -v*r - i = -247. Calculate the remainder when r is divided by 13.
10
Let t = 131 + -222. Let s = -7 - t. Calculate the remainder when s is divided by 29.
26
Let r be (3 + 9/(-3))/(-7 + 5). Suppose r = 14*l - 123 - 87. What is the remainder when 57 is divided by l?
12
Let r(x) = -x**2 + 11*x + 17. Let l be r(13). Let q = l - -2. Let f(a) = -5*a**2 - 37*a + 6. What is the remainder when f(q) is divided by 5?
0
Let o(v) = 73*v - 11154. Let j(f) = 6*f**2 + f + 4. What is the remainder when j(-3) is divided by o(153)?
10
Suppose 13*h + 54 = 10*h. Let y be 42/105*-5*(h + 1). Let w = y + 48. What is the remainder when w is divided by 28?
26
Suppose 138*u - 3910 = -316*u + 63*u. Let s(q) = -q - 3. Let n be s(-6). Let b(j) = j**3 - 4*j**2 + 3*j + 3. Calculate the remainder when u is divided by b(n).
1
Let d = -168 + 293. Suppose -4*h - 40 = -4*v, -9 = -4*v - h + 21. Let l(n) = 5*n + 2. What is the remainder when d is divided by l(v)?
41
Suppose -4*w = 3*y + 267 - 1846, -1053 = -2*y - 3*w. Calculate the remainder when y is divided by 8.
5
Let y = 2792 + -2749. Let d be -2*(-1)/(6/21). Suppose d*x - 16 - 5 = 0. Calculate the remainder when y is divided by x.
1
Let j(h) = h**3 - 13*h**2 + 36*h - 50. Let l(z) = 7*z**2 - 2*z + 2. Let m = 4 - 2. What is the remainder when l(m) is divided by j(10)?
6
Let g = -16068 + 16103. Calculate the remainder when 453 is divided by g.
33
Let y = 339 - 279. Suppose -y = -5*z - 3*c, 50 = -c + 45. What is the remainder when 239 is divided by z?
14
Suppose 2*v - 2 = 2. Suppose -v*f + 2*a + 68 = -0*a, f = 5*a + 42. What is the remainder when 156 is divided by f?
28
Let w be 99/12 - (-7)/(-28). Calculate the remainder when 187 is divided by ((-27)/6)/((-2)/w).
7
Calculate the remainder when 1704 is divided by 54243/882 + (-1)/2.
57
Suppose 14 = 3*k + 4*g, 3*g + 148 - 139 = k. Calculate the remainder when 5614 is divided by k.
4
Let z be (12/((-24)/(-2)))/(1/(-4)). What is the remainder when 7 - 143/(-2) - (-10)/z is divided by 27?
22
Let i be -9 + 32848/(-104) + 2/(-13). Let a = -301 - i. Let m(q) = q + 3. Calculate the remainder when a is divided by m(6).
6
Let r(a) = 729*a - 7208. What is the remainder when 704 is divided by r(10)?
48
Let l = -106 + -106. Calculate the remainder when 60 is divided by l/(-44) + (-2)/(-11).
0
Let k(n) be the third derivative of -n**6/120 + 2*n**5/15 + n**4/8 + 4*n**3 - 21*n**2. Calculate the remainder when k(8) is divided by 25.
23
Let m(r) = -r**2 + 2*r + 144. Suppose -12*a = -18*a. Let f be m(a). Let t = f - 113. What is the remainder when t is divided by 4?
3
Suppose 13*s + 240 = 17*s. Calculate the remainder when 1199 is divided by s.
59
Suppose -33*l + 4660 = -13*l. What is the remainder when l is divided by 59?
56
Let n(x) = 6*x**2 - 234*x + 5. Let l be n(39). Suppose -4*d + 93 = 23*w - 24*w, -d + 47 = -l*w. What is the remainder when 104 is divided by d?
16
Suppose 6*v + 375 + 249 = 0. Calculate the remainder when 22 is divided by (80/18)/(v/(-468)).
2
Suppose -187 = -77*x + 76*x. Let b = x - 117. Calculate the remainder when b is divided by 18.
16
Suppose -6*s + 341 + 277 = 0. Let q = s - 83. Calculate the remainder when q is divided by 5.
0
Let z = 3511 + -3395. Calculate the remainder when z is divided by 35.
11
Suppose -4*h = -4*n - 76, 113 = 5*h - 0*n + 4*n. Suppose -h*f = -20*f + 68. Let l = 132 + f. Calculate the remainder when l is divided by 11.
9
Let a = 254 - 251. Suppose -100 = -0*x - 2*x - 3*j, j = a*x - 172. Calculate the remainder when x is divided by 17.
5
Suppose 10 = 2*d, 0*q = q + d - 9. Suppose 2*p - q*p + 50 = 0. Let c = -28396 - -28409. Calculate the remainder when p is divided by c.
12
Let m(o) = 13*o**2 + 73*o + 97. What is the remainder when m(13) is divided by 55?
53
Let x(d) = -11*d**2 - 7*d + 8. Let g be x(-6). Let p = 353 + g. What is the remainder when 29 is divided by p?
1
Let n(g) = 4*g**2 - g - 6. Let f be n(-2). Let o(p) = p**3 - 13*p**2 + 14*p - 7. Calculate the remainder when o(f) is divided by 5.
2
Let u(g) = -3*g**3 - 5*g**2 + 2*g**2 - 18*g - 8*g**2 + 2*g**3 + 6. Let w be u(-9). Let s(j) = -j + 41. Calculate the remainder when s(w) is divided by 9.
8
What is the remainder when (-2163)/(-4) + (-3)/(-12) + (-81)/27 is divided by 85?
28
What is the remainder when (3 + 19)*12516/168 is divided by 25?
14
Suppose -10*o + 5928 = 3*o. Let b = o + -443. What is the remainder when 310 is divided by b?
11
Suppose 0*b = 5*b - 363 - 1507. What is the remainder when b is divided by 120?
14
Suppose 4 = -2*c - 3*q, 7*c - 9*c - 4*q - 8 = 0. Suppose -23*u - 9*u = -2368. What is the remainder when u is divided by c?
2
Let x be (-1)/(-1)*(113 + 1). Suppose 4*s = s + x. Calculate the remainder when s is divided by (-183 - -185)*42/4.
17
Let j(c) = -144*c - 1425. What is the remainder when 115 is divided by j(-10)?
10
Suppose -170*o + 174*o = 3*g - 881, 3*o = 3*g - 888. Calculate the remainder when g is divided by 65.
43
Let h = -20 - -21. Let m be (-1 - (-4 + 2))/h. What is the remainder when 76/10*(2 + m + 2) is divided by 13?
12
Suppose -20*i + 19*i = 4*j - 44, -10*i + 260 = 4*j. What is the remainder when 1941 is divided by i?
21
Let k = -4 + -4. Let o(n) = n**3 + 7*n**2 - 10*n + 9. Calculate the remainder when o(k) is divided by 1*((-12)/6 + 9).
4
Let z(o) = -8*o + 2*o + 186 - 337 + 191. Calculate the remainder when 30 is divided by z(6).
2
Suppose 84 = -20*q + 27*q. Suppose -3*c + 6*c - 531 = 0. Calculate the remainder when c is divided by q.
9
Suppose -9 = q + 2*n, 46 - 1 = -5*q + 5*n. Calculate the remainder when 804*q/(-27) - (1 + 0) is divided by 15.
12
Calculate the remainder when (-179)/(-1) + (-126)/21 is divided by 40.
13
Wh